False
Is 45 a factor of 1102500?
True
Is 103610 a multiple of 8?
False
Is 1254195 a multiple of 45?
True
Is 590850 a multiple of 39?
True
Is 7 a factor of 167270?
False
Is 2599716 a multiple of 16?
False
Is 28 a factor of 4073?
False
Is 13 a factor of 862940?
True
Does 141 divide 136629?
True
Is 10962052 a multiple of 2683?
False
Is 226 a factor of 8809480?
True
Is 16 a factor of 1287040?
True
Is 110630 a multiple of 10?
True
Is 1099861 a multiple of 13?
False
Does 5 divide 79190?
True
Is 55111 a multiple of 39?
False
Is 157 a factor of 177671?
False
Is 21201652 a multiple of 167?
True
Does 87 divide 1846616?
False
Is 23 a factor of 17117086?
False
Is 16995625 a multiple of 1808?
False
Is 9881885 a multiple of 65?
True
Is 367657 a multiple of 79?
False
Is 438 a factor of 3454944?
True
Is 3405580 a multiple of 4?
True
Does 55 divide 322465?
True
Is 970790 a multiple of 193?
True
Is 325 a factor of 6825?
True
Is 84 a factor of 1354661?
False
Does 4 divide 3211848?
True
Is 4622891 a multiple of 481?
True
Is 846804 a multiple of 6?
True
Is 5 a factor of 2012?
False
Does 624 divide 377721?
False
Does 12 divide 7319748?
True
Does 7 divide 15296546?
False
Does 721 divide 2249378?
False
Does 26 divide 179686?
True
Is 8 a factor of 25050?
False
Is 4573670 a multiple of 43?
False
Is 18312765 a multiple of 127?
True
Is 2288712 a multiple of 188?
True
Is 50 a factor of 154650?
True
Is 59 a factor of 632775?
True
Is 1083689 a multiple of 148?
False
Does 139 divide 126768?
True
Is 112805 a multiple of 77?
True
Is 23 a factor of 170131?
True
Is 74 a factor of 2462?
False
Is 279 a factor of 74503?
False
Is 14 a factor of 937412?
True
Does 115 divide 208556?
False
Is 342 a factor of 2906522?
False
Is 1266663 a multiple of 69?
False
Is 402 a factor of 312308?
False
Does 466 divide 1435058?
False
Does 26 divide 1876579?
False
Is 49 a factor of 110838?
True
Is 41 a factor of 432678?
False
Does 16 divide 243296?
True
Does 112 divide 5768621?
False
Is 50 a factor of 7292154?
False
Does 270 divide 712530?
True
Is 113 a factor of 6987016?
True
Is 146 a factor of 11428004?
True
Is 10 a factor of 174153?
False
Is 989577 a multiple of 19?
True
Is 5 a factor of 3898773?
False
Is 11179934 a multiple of 215?
False
Does 93 divide 9126?
False
Does 320 divide 3892480?
True
Is 29 a factor of 562600?
True
Is 3272719 a multiple of 99?
False
Is 102345 a multiple of 212?
False
Is 132450 a multiple of 24?
False
Is 30 a factor of 124507?
False
Is 5 a factor of 7605?
True
Does 126 divide 166320?
True
Is 251190 a multiple of 18?
True
Is 16949016 a multiple of 21?
True
Does 50 divide 684800?
True
Is 2597450 a multiple of 50?
True
Is 28 a factor of 256928?
True
Is 634855 a multiple of 5?
True
Does 9 divide 108693?
True
Is 3 a factor of 1044616?
False
Does 6 divide 228692?
False
Is 121046 a multiple of 21?
False
Is 30 a factor of 30210?
True
Is 16 a factor of 710526?
False
Is 13742 a multiple of 147?
False
Is 213 a factor of 3129064?
False
Is 42 a factor of 7951860?
True
Is 33711 a multiple of 2?
False
Does 18 divide 11378759?
False
Does 63 divide 632625?
False
Is 213 a factor of 25728483?
True
Is 11220 a multiple of 21?
False
Does 754 divide 1455862?
False
Is 123 a factor of 2264855?
False
Is 271 a factor of 535496?
True
Is 4 a factor of 2598208?
True
Does 37 divide 465367?
False
Does 31 divide 914974?
False
Is 19 a factor of 1316453?
True
Does 21 divide 3564581?
False
Does 368 divide 2474800?
True
Does 539 divide 3342878?
True
Is 104 a factor of 273431?
False
Is 873033 a multiple of 368?
False
Is 779 a factor of 6696033?
False
Is 17 a factor of 379287?
True
Does 10 divide 254770?
True
Does 4 divide 14346?
False
Does 25 divide 1521175?
True
Does 1091 divide 2414383?
True
Does 38 divide 601437?
False
Does 85 divide 132680?
False
Is 56 a factor of 38050?
False
Does 20 divide 22856252?
False
Does 20 divide 6016360?
True
Is 47 a factor of 240875?
True
Is 38 a factor of 9695206?
True
Does 88 divide 1676203?
False
Does 154 divide 85649?
False
Is 17 a factor of 226634?
False
Does 223 divide 83179?
True
Is 164 a factor of 4373049?
False
Does 18 divide 41832?
True
Is 10 a factor of 2684055?
False
Is 1270806 a multiple of 12?
False
Is 6 a factor of 2477?
False
Is 36 a factor of 4446607?
False
Is 8 a factor of 14466116?
False
Is 176119 a multiple of 7?
False
Does 17 divide 234103?
False
Does 89 divide 2403801?
True
Is 7 a factor of 436525?
False
Is 25 a factor of 45950?
True
Is 41 a factor of 1936020?
True
Is 899 a factor of 1979839?
False
Is 72 a factor of 171360?
True
Is 145511 a multiple of 43?
False
Does 1346 divide 3973392?
True
Is 25 a factor of 11440100?
True
Is 183451 a multiple of 14?
False
Is 393 a factor of 2852840?
False
Is 11 a factor of 684321?
True
Is 105 a factor of 58149?
False
Does 132 divide 37242?
False
Is 12 a factor of 1090532?
False
Is 105 a factor of 1361220?
True
Does 547 divide 1603830?
False
Does 105 divide 152188?
False
Is 28518234 a multiple of 68?
False
Is 155 a factor of 287835?
True
Is 2660710 a multiple of 13?
True
Is 3238402 even?
True
Is 29 a factor of 64264?
True
Is 10867159 a multiple of 37?
True
Does 420 divide 560735?
False
Is 3 a factor of 764038?
False
Does 7 divide 27034?
True
Is 13 a factor of 154238?
False
Is 1893287 a multiple of 129?
False
Is 1193 a factor of 1663042?
True
Is 665084 a multiple of 11?
False
Is 79980 a multiple of 31?
True
Is 149264 a multiple of 3?
False
Is 26 a factor of 1062230?
True
Is 577360 a multiple of 20?
True
Is 6011738 a multiple of 2194?
False
Is 6432450 a multiple of 305?
True
Is 37 a factor of 107744?
True
Does 61 divide 220515?
True
Does 65 divide 2735590?
True
Is 3 a factor of 1089831?
True
Is 20867915 a multiple of 1747?
True
Is 492799 a multiple of 13?
False
Is 1121076 a multiple of 198?
True
Does 65 divide 183300?
True
Does 34 divide 10574818?
False
Is 18 a factor of 8535?
False
Is 15 a factor of 575825?
False
Is 47 a factor of 1283852?
True
Is 11 a factor of 40076?
False
Does 13 divide 222651?
True
Is 68266 a multiple of 29?
True
Is 533634 a multiple of 6?
True
Does 40 divide 89600?
True
Is 54579 a multiple of 69?
True
Is 111064 a multiple of 5?
False
Is 48 a factor of 2319213?
False
Is 372866 a multiple of 421?
False
Is 778236 a multiple of 6?
True
Does 15 divide 237465?
True
Is 89 a factor of 16721?
False
Is 31 a factor of 258850?
True
Is 8 a factor of 1612264?
True
Is 1160768 a multiple of 7?
True
Does 573 divide 16223948?
False
Does 39 divide 350220?
True
Is 187 a factor of 5624586?
True
Is 131 a factor of 71468?
False
Is 1649694 a multiple of 4?
False
Does 265 divide 131440?
True
Is 145068 a multiple of 33?
True
Does 11 divide 3507207?
True
Is 19860 a multiple of 85?
False
Is 42233 a multiple of 42?
False
Is 11 a factor of 343213?
False
Is 5330598 a multiple of 13?
True
Is 96 a factor of 1339584?
True
Does 51 divide 51777?
False
Is 101 a factor of 388259?
False
Does 510 divide 11115450?
True
Is 89 a factor of 4848275?
True
Is 51675 a multiple of 53?
True
Is 2940288 a multiple of 8?
True
Is 639680 a multiple of 80?
True
Does 313 divide 7358641?
False
Is 12 a factor of 1151964?
True
Is 599867 a multiple of 11?
False
Does 45 divide 4926285?
True
Is 18542047 a multiple of 60?
False
Is 4110625 a multiple of 203?
False
Does 46 divide 129904?
True
Is 3419804 a multiple of 1521?
False
Is 813 a factor of 344182?
False
Is 55 a factor of 236966?
False
Does 40 divide 15890040?
True
Is 13698683 a multiple of 216?
False
Is 4 a factor of 853868?
True
Does 7 divide 2851586?
False
Is 8237575 a multiple of 1877?
False
Is 923 a factor of 28275182?
True
Is 1323 a factor of 1939205?
False
Is 150 a factor of 3019950?
True
Does 15 divide 15915?
True
Does 127 divide 948769?
False
Is 134 a factor of 854914?
False
Is 136278 a multiple of 678?
True
Is 6065546 a multiple of 90?
False
Is 405 a multiple of 10?
False
Is 158189 a multiple of 10?
False
Does 46 divide 43321?
False
Does 21 divide 958495?
False
Does 3 divide 158038?
False
Is 109975 a multiple of 5?
True
Is 5 a factor of 907774?
False
Is 83 a factor of 248749?
False
Does 15 divide 1182191?
False
Is 267124 a multiple of 328?
False
Does 37 divide 1296258?
True
Does 144 divide 40608?
True
Is 5 a factor of 111252?
False
Does 47 divide 7064523?
True
Does 4 divide 58861?
False
Is 95 